{"id":708,"date":"2020-12-15T19:17:11","date_gmt":"2020-12-15T18:17:11","guid":{"rendered":"https:\/\/caminonomeaburro.com\/?page_id=708"},"modified":"2020-12-16T19:49:59","modified_gmt":"2020-12-16T18:49:59","slug":"politica-de-cookies","status":"publish","type":"page","link":"https:\/\/caminonomeaburro.com\/index.php\/politica-de-cookies\/","title":{"rendered":"Pol\u00edtica de Cookies"},"content":{"rendered":"<p style=\"text-align: justify;\">En cumplimiento con el art\u00edculo 22 de la Ley 34\/2002, de 11 de julio, de servicios de la sociedad de la informaci\u00f3n y de comercio electr\u00f3nico (LSSI), en relaci\u00f3n con el Reglamento (UE) 2016\/679 del Parlamento Europeo y del Consejo, de 27 de abril de 2016, General de Protecci\u00f3n de Datos (RGPD) y la Ley Org\u00e1nica 3\/2018, de 5 de diciembre, de Protecci\u00f3n de Datos y garant\u00eda de los derechos digitales (LOPDGDD), Iker Prieto Ram\u00edrez pone a disposici\u00f3n de los usuarios la Pol\u00edtica de recogida y tratamiento de cookies del sitio Web.<\/p>\n<p><!--more--><\/p>\n<h2 style=\"text-align: left;\"><span style=\"text-decoration: underline; color: #993300;\"><strong>Qu\u00e9 son las Cookies<\/strong><\/span><\/h2>\n<p style=\"text-align: justify;\">Una cookie es un fichero que se descarga en tu ordenador al entrar a determinadas p\u00e1ginas web. Las cookies permiten a una p\u00e1gina web, entre otras cosas, almacenar y recuperar informaci\u00f3n sobre tus h\u00e1bitos de navegaci\u00f3n y \u2014dependiendo de la informaci\u00f3n que contengan y de la forma en que utilices tu equipo\u2014 pueden utilizarse para identificarte.<\/p>\n<h2 style=\"text-align: left;\"><span style=\"text-decoration: underline; color: #993300;\"><strong>Cookies utilizadas en el sitio Web<\/strong><\/span><\/h2>\n<p style=\"text-align: justify;\">A continuaci\u00f3n se clasifican las cookies utilizadas por el sitio Web\u00a0<a href=\"https:\/\/caminonomeaburro.com\/index.php\/politica-de-cookies\/\"><span style=\"color: #0000ff;\">https:\/\/caminonomeaburro.com<\/span><\/a>:<\/p>\n<p style=\"text-align: justify;\"><span style=\"color: #008000;\"><b>Seg\u00fan la entidad que las gestiona<\/b><\/span><\/p>\n<ul style=\"text-align: justify;\">\n<li><b>Cookies propias:<\/b>\u00a0Son aquellas enviadas y gestionadas directamente por Iker Prieto Ram\u00edrez.<\/li>\n<li><b>Cookies de terceros:<\/b>\u00a0Son aquellas que se env\u00edan al usuario desde un dominio ajeno a Iker Prieto Ram\u00edrez.<\/li>\n<\/ul>\n<p style=\"text-align: justify;\"><span style=\"color: #008000;\"><b>Seg\u00fan su finalidad<\/b><\/span><\/p>\n<ul style=\"text-align: justify;\">\n<li><b>Cookies t\u00e9cnicas:<\/b>\u00a0Son aquellas que permiten a los usuarios registrados navegar a trav\u00e9s del sitio Web, del \u00e1rea restringida y a utilizar sus diferentes funciones, como por ejemplo, el sistema de comentarios o el buscador.<\/li>\n<li><b>Cookies de personalizaci\u00f3n:<\/b>\u00a0Son aquellas que permiten a los usuarios acceder al Servicio con algunas caracter\u00edsticas de car\u00e1cter general predefinidas en funci\u00f3n de una serie de criterios establecidos por el usuario como, por ejemplo, el idioma o el tipo de navegador a trav\u00e9s del cual se conecta a este sitio Web.<\/li>\n<li><b>Cookies de an\u00e1lisis o medici\u00f3n:<\/b>\u00a0Son aquellas que, bien tratadas por el sitio Web o por terceros, permiten cuantificar el n\u00famero de usuarios y as\u00ed realizar la medici\u00f3n y an\u00e1lisis estad\u00edstico de la utilizaci\u00f3n que hacen los usuarios del sitio Web. Para ello se analiza la navegaci\u00f3n que realizas en este sitio Web con el fin de mejorarlo.<\/li>\n<li><b>Cookies sociales:<\/b>\u00a0Son establecidas por las plataformas de redes sociales para permitir a los usuarios compartir contenido con sus amigos y redes.<\/li>\n<\/ul>\n<p style=\"text-align: justify;\"><span style=\"color: #008000;\"><b>Seg\u00fan su duraci\u00f3n<\/b><\/span><\/p>\n<ul style=\"text-align: justify;\">\n<li><b>Cookies de sesi\u00f3n:<\/b>\u00a0Son aquellas dise\u00f1adas para recabar y almacenar datos mientras el usuario accede al sitio Web.<\/li>\n<li><b>Cookies persistentes:<\/b>\u00a0Son aquellas en las que los datos siguen almacenados en el terminal del usuario y pueden ser accedidos y tratados durante un per\u00edodo definido por el responsable de la cookie.<\/li>\n<\/ul>\n<h2 style=\"text-align: left;\"><span style=\"text-decoration: underline; color: #993300;\"><strong>Listado de cookies utilizadas<\/strong><\/span><\/h2>\n<p style=\"text-align: justify;\">Este sitio Web puede instalar las siguientes cookies:<\/p>\n<p style=\"text-align: justify;\"><span style=\"color: #008000;\"><b>Cookies t\u00e9cnicas<\/b><\/span><\/p>\n<ul style=\"text-align: justify;\">\n<li><b>wp-settings-{user_id}:<\/b>\u00a0Cookie t\u00e9cnica que se usa para mantener la configuraci\u00f3n del usuario en wp-admin. Es persistente y tiene una duraci\u00f3n de 1 a\u00f1o.<\/li>\n<li><b>hasConsent:<\/b>\u00a0Cookie t\u00e9cnica que almacena el consentimiento del usuario. Es persistente y tiene una duraci\u00f3n de 1 a\u00f1o.<\/li>\n<\/ul>\n<p style=\"text-align: justify;\"><span style=\"color: #008000;\"><b>Cookies de an\u00e1lisis o medici\u00f3n<\/b><\/span><\/p>\n<ul style=\"text-align: justify;\">\n<li><b>_ga:<\/b>\u00a0Cookie Anal\u00edtica que habilita la funci\u00f3n de control de visitas \u00fanicas. Es persistente y tiene una duraci\u00f3n de 2 a\u00f1os.<\/li>\n<li><b>_gat:<\/b>\u00a0Cookie Anal\u00edtica para limitar el n\u00famero de solicitudes. Su \u00e1mbito es la sesi\u00f3n y tiene una duraci\u00f3n de 1 minuto.<\/li>\n<li><b>_gid:<\/b>\u00a0Cookie Anal\u00edtica para distinguir usuarios. Su \u00e1mbito es la sesi\u00f3n y tiene una duraci\u00f3n de 24 horas.<\/li>\n<\/ul>\n<p style=\"text-align: justify;\"><span style=\"color: #008000;\">Informaci\u00f3n adicional:<\/span><\/p>\n<ul style=\"text-align: justify;\">\n<li>Google Analytics puede instalar otras cookies seg\u00fan el documento\u00a0<a href=\"https:\/\/developers.google.com\/analytics\/devguides\/collection\/analyticsjs\/cookie-usage?hl=es\" target=\"_blank\" rel=\"noopener noreferrer nofollow\">Uso de las cookies de Google Analytics en sitios web<\/a>.<\/li>\n<\/ul>\n<p style=\"text-align: justify;\"><span style=\"color: #008000;\"><b>Cookies sociales<\/b><\/span><\/p>\n<ul style=\"text-align: justify;\">\n<li>El sitio Web incluye otras funcionalidades proporcionadas por servicios de terceros y redes sociales para mejorar la experiencia de los visitantes. Puedes compartir el contenido en sus redes sociales como \u00abFacebook\u00bb, \u00abTwitter\u00bb, \u00abInstagram\u00bb, \u00abVimeo\u00bb o \u00abYouTube\u00bb con los botones incluidos a tal efecto o con las herramientas para compartir propias de las redes sociales. Como resultado, estos servicios pueden instalar cookies y utilizarlas para rastrear tu actividad online. No tenemos control directo sobre la informaci\u00f3n recopilada por estas cookies.<\/li>\n<\/ul>\n<p style=\"text-align: justify;\"><span style=\"color: #008000;\">El sitio Web puede instalar otras cookies:<\/span><\/p>\n<ol>\n<li style=\"text-align: justify;\">wp-saving-post<br \/>\n_ga<br \/>\n_gid<br \/>\nwordpress_test_cookie<br \/>\nwp-settings-*<\/li>\n<\/ol>\n<h2 style=\"text-align: left;\"><span style=\"text-decoration: underline; color: #993300;\"><strong>Aceptaci\u00f3n o rechazo de la instalaci\u00f3n de cookies<\/strong><\/span><\/h2>\n<p style=\"text-align: justify;\">Iker Prieto Ram\u00edrez muestra informaci\u00f3n sobre su Pol\u00edtica de cookies en el banner de cookies accesible en todas las p\u00e1ginas del Sitio Web. El banner de cookies muestra informaci\u00f3n esencial sobre el tratamiento de datos y permite al usuario realizar las siguientes acciones:<\/p>\n<ul style=\"text-align: justify;\">\n<li><b>Aceptar o rechazar la instalaci\u00f3n de cookies<\/b>, o retirar el consentimiento previamente otorgado.<\/li>\n<li><b>Cambiar las preferencias de cookies<\/b>\u00a0desde la p\u00e1gina\u00a0<a href=\"https:\/\/caminonomeaburro.com\/index.php\/personalizar-cookies\/\">Personalizar Cookies<\/a>, a la que puedes acceder desde el Aviso de Cookies.<\/li>\n<li><b>Obtener informaci\u00f3n adicional<\/b>\u00a0sobre la Pol\u00edtica de Cookies desde la p\u00e1gina\u00a0<a href=\"https:\/\/caminonomeaburro.com\/index.php\/politica-de-cookies\/\">Pol\u00edtica de cookies<\/a>.<\/li>\n<\/ul>\n<h2 style=\"text-align: left;\"><span style=\"text-decoration: underline; color: #993300;\"><strong>Eliminaci\u00f3n de cookies<\/strong><\/span><\/h2>\n<p style=\"text-align: justify;\">Puedes aceptar, bloquear o eliminar las cookies instaladas en tu equipo mediante la configuraci\u00f3n de las opciones del navegador, pero parte del sitio no funcionar\u00e1 correctamente o su calidad puede verse afectada.<\/p>\n<p style=\"text-align: justify;\">En los siguientes enlaces encontrar\u00e1s instrucciones para habilitar o deshabilitar las cookies en los navegadores m\u00e1s comunes.<\/p>\n<ul style=\"text-align: justify;\">\n<li><b>Firefox<\/b>\u00a0<a href=\"http:\/\/support.mozilla.org\/es\/kb\/habilitar-y-deshabilitar-cookies-que-los-sitios-we\" target=\"_blank\" rel=\"nofollow noopener\">http:\/\/support.mozilla.org\/es\/kb\/habilitar-y-deshabilitar-cookies-que-los-sitios-we<\/a><\/li>\n<li><b>Google Chrome<\/b>\u00a0<a href=\"https:\/\/support.google.com\/chrome\/answer\/95647?hl=es\" target=\"_blank\" rel=\"noopener noreferrer nofollow\">https:\/\/support.google.com\/chrome\/answer\/95647?hl=es<\/a><\/li>\n<li><b>Internet Explorer<\/b>\u00a0<a href=\"https:\/\/support.microsoft.com\/es-es\/help\/17442\/windows-internet-explorer-delete-manage-cookies#ie=%22ie-10%22\" target=\"_blank\" rel=\"noopener noreferrer nofollow\">https:\/\/support.microsoft.com\/es-es\/help\/17442\/windows-internet-explorer-delete-manage-cookies#ie=\u00bbie-10&#8243;<\/a><\/li>\n<li><b>Microsoft Edge<\/b>\u00a0<a href=\"https:\/\/support.microsoft.com\/es-es\/help\/4468242\/microsoft-edge-browsing-data-and-privacy\" target=\"_blank\" rel=\"noopener noreferrer nofollow\">https:\/\/support.microsoft.com\/es-es\/help\/4468242\/microsoft-edge-browsing-data-and-privacy<\/a><\/li>\n<li><b>Safari<\/b>\u00a0<a href=\"http:\/\/support.apple.com\/kb\/HT1677?viewlocale=es_ES\" target=\"_blank\" rel=\"nofollow noopener\">http:\/\/support.apple.com\/kb\/HT1677?viewlocale=es_ES<\/a><\/li>\n<\/ul>\n<h2 style=\"text-align: left;\"><strong><span style=\"text-decoration: underline;\"><span style=\"color: #993300;\">Tratamiento de Datos Personales<\/span><\/span><\/strong><\/h2>\n<p style=\"text-align: justify;\">Iker Prieto Ram\u00edrez es el Responsable del tratamiento de los datos personales del usuario. Puedes consultar toda la informaci\u00f3n relativa al tratamiento de datos personales que recoge el Titular en la p\u00e1gina de\u00a0<a href=\"https:\/\/caminonomeaburro.com\/index.php\/politica-de-privacidad\/\">Pol\u00edtica de Privacidad<\/a>.<\/p>\n<h2 style=\"text-align: left;\"><span style=\"color: #993300;\"><strong><span style=\"text-decoration: underline;\">Contacto<\/span><\/strong><\/span><\/h2>\n<p style=\"text-align: justify;\">En caso de que tengas cualquier duda acerca de esta Pol\u00edtica de Cookies o quieras realizar cualquier comentario sobre este sitio Web, puedes enviar un mensaje de correo electr\u00f3nico a la direcci\u00f3n rekiprieto@gmail.com.<\/p>\n","protected":false},"excerpt":{"rendered":"<p>En cumplimiento con el art\u00edculo 22 de la Ley 34\/2002, de 11 de julio, de servicios de la sociedad de la informaci\u00f3n y de comercio electr\u00f3nico (LSSI), en relaci\u00f3n con el Reglamento (UE) 2016\/679 del Parlamento Europeo y del Consejo, de 27 de abril de 2016, General de Protecci\u00f3n de Datos (RGPD) y la Ley Org\u00e1nica 3\/2018, de 5 de diciembre, de Protecci\u00f3n de Datos y garant\u00eda de los derechos digitales (LOPDGDD), Iker Prieto Ram\u00edrez pone a disposici\u00f3n de los usuarios la Pol\u00edtica de recogida y tratamiento de cookies del sitio Web.<\/p>\n","protected":false},"author":1,"featured_media":709,"parent":0,"menu_order":0,"comment_status":"closed","ping_status":"closed","template":"","meta":{"footnotes":""},"class_list":["post-708","page","type-page","status-publish","has-post-thumbnail"],"_links":{"self":[{"href":"https:\/\/caminonomeaburro.com\/index.php\/wp-json\/wp\/v2\/pages\/708"}],"collection":[{"href":"https:\/\/caminonomeaburro.com\/index.php\/wp-json\/wp\/v2\/pages"}],"about":[{"href":"https:\/\/caminonomeaburro.com\/index.php\/wp-json\/wp\/v2\/types\/page"}],"author":[{"embeddable":true,"href":"https:\/\/caminonomeaburro.com\/index.php\/wp-json\/wp\/v2\/users\/1"}],"replies":[{"embeddable":true,"href":"https:\/\/caminonomeaburro.com\/index.php\/wp-json\/wp\/v2\/comments?post=708"}],"version-history":[{"count":4,"href":"https:\/\/caminonomeaburro.com\/index.php\/wp-json\/wp\/v2\/pages\/708\/revisions"}],"predecessor-version":[{"id":729,"href":"https:\/\/caminonomeaburro.com\/index.php\/wp-json\/wp\/v2\/pages\/708\/revisions\/729"}],"wp:featuredmedia":[{"embeddable":true,"href":"https:\/\/caminonomeaburro.com\/index.php\/wp-json\/wp\/v2\/media\/709"}],"wp:attachment":[{"href":"https:\/\/caminonomeaburro.com\/index.php\/wp-json\/wp\/v2\/media?parent=708"}],"curies":[{"name":"wp","href":"https:\/\/api.w.org\/{rel}","templated":true}]}}